-87. Let w = 111 - c. What is the units digit of w?
3
Let k = 4 - 9. Suppose -3*p + 7 = 4, -p + 82 = 3*q. What is the units digit of k/(q/(-24) + 1)?
0
Let k(w) = 35*w**2 - 7*w - 10. Let d(v) = 12*v**2 - 2*v - 3. Let x(m) = 7*d(m) - 2*k(m). Let y(b) = -b + 1. Let o be y(0). What is the tens digit of x(o)?
1
Let g(m) = -12*m**3 + 5*m**2 + 19*m + 3. Let t(l) = 6*l**3 - 2*l**2 - 9*l - 2. Let y(c) = 2*g(c) + 5*t(c). What is the units digit of y(3)?
7
Let w be 6*(4 - 16/6). Suppose 118 = -w*k + 1614. What is the hundreds digit of k?
1
Let d(v) = v**2 + v - 5. Let t = 12 - 3. Suppose -t + 4 = s. What is the units digit of d(s)?
5
Suppose 4*j - 8 = -2*g, g + 8 = 2*j + 3*g. Suppose j*q - 184 = 4*q. Let i = 4 - q. What is the units digit of i?
0
Suppose 5*i + 231 - 31 = 0. Let f be (48/(-20))/(3/i). Let x = -11 + f. What is the units digit of x?
1
What is the hundreds digit of 24822/(9 + 0) + -5?
7
Suppose 2*n = -5*q, q - 6*q = 10. Let f(c) = 26*c + 28. What is the hundreds digit of f(n)?
1
Let i(k) be the first derivative of k**4/4 + k**2 + 36*k + 3. What is the tens digit of i(0)?
3
Suppose -8*g + 12*g = 600. Let w = -59 + g. What is the units digit of w?
1
Let f = 2331 - 1116. What is the tens digit of f?
1
Let s = 51 + 116. What is the tens digit of s?
6
Let p be (-3 + 2)*-46*2. Suppose h = -5*t + 72, 0*t - p = -h - t. What is the units digit of h?
7
Suppose -5*x + 102 = -198. Let t = x - 30. What is the tens digit of t?
3
Suppose -8 = 2*j, j + 24 = s - 13. Let d = 18 + s. What is the units digit of d?
1
Let q = -9 - -12. Suppose -f + 2*s = -4*f + 130, 0 = q*s - 6. Suppose -2*m - m = -f. What is the tens digit of m?
1
Let t(i) = -i**2 - 18*i - 38. Let w be t(-11). Suppose -3*d = -2*b + 4, 3*b - 4*d = -0*b + 6. Suppose b*a - 39 = w. What is the units digit of a?
9
What is the hundreds digit of ((-1)/(-4))/(5/150)*54?
4
Suppose -5*o - 15 = 0, -3 = -2*y - 2*o + 3*o. Suppose y = -0*i - 2*i + 24. What is the tens digit of i?
1
Let l(m) = m**3 + 5*m**2 - 2*m - 6. Let f be l(-5). Suppose 8*p - f*p = 640. What is the hundreds digit of p?
1
Suppose 85 + 80 = -5*q. Let i be 1/(-4) - (-191)/(-4). Let l = q - i. What is the units digit of l?
5
Let t(g) = -g**3 - 9*g**2 + 8*g + 3. Let s = -37 + 26. What is the units digit of t(s)?
7
Suppose -29*d + 1024 = -21*d. What is the tens digit of d?
2
Suppose 0*j = -3*o - 5*j - 59, 57 = -3*o - 3*j. Let s = o + -62. Let b = -46 - s. What is the tens digit of b?
3
Suppose 2*i - 11 = z - i, -2*z = i - 13. Let f(s) be the first derivative of -s**4/4 + s**3 + 3*s**2 - 4*s + 2. What is the units digit of f(z)?
4
Let x(i) = 4*i**2 + 16*i - 7. Let w be x(-6). Let p = w + -21. What is the units digit of p?
0
Let l(c) = c**3 + 26*c**2 + 22*c + 46. What is the hundreds digit of l(-24)?
6
What is the thousands digit of 2434 - (18/4)/(27/36)?
2
Let d(u) = -u**3 + 10*u**2 - 17*u + 3. Let n be d(8). What is the hundreds digit of (-1285)/(-9) + n*4/(-90)?
1
Let n = 23 - 23. Suppose 4*g - 13 = -z, 3*g + 10 + 2 = n. Let j = z + -28. What is the units digit of j?
1
Suppose -43*t + 44*t - 13 = -3*i, -2*i = 5*t. Let h(j) = 6 + 10*j - 2 - 3*j. What is the tens digit of h(i)?
3
Let v(l) = 700*l - 150. What is the hundreds digit of v(8)?
4
Let w(q) = -15 - q**3 - 8*q + 3*q - 7*q**2 - 2*q. Let c be w(-6). What is the units digit of ((-12)/c - 1)*147?
9
Suppose 1260 = 19*g - 15*g. Suppose -5*d + 5*h + g = 0, d = -2*h - 0*h + 63. What is the tens digit of d?
6
Let o = -2 - -1. Let g = -8 - o. Let f = 4 - g. What is the units digit of f?
1
Suppose -2*d - 1164 = -4*g + 2*d, 2*g + 4*d - 612 = 0. What is the hundreds digit of g?
2
What is the units digit of (-7 + -1 + 3)*-156 + -6?
4
Let i = 0 - -18. Let z be (-950)/i - 8/36. Let b = 91 + z. What is the tens digit of b?
3
Let g = 25 - -17. Let t = 139 - g. What is the tens digit of t?
9
Let n be (-1)/6 + (-4)/(-24). Suppose n = 2*m - 6*m + 16. Suppose 5*j + 2*w = 131, -m*w - 137 = -5*j - 3*w. What is the tens digit of j?
2
Let r(z) = z**2 + 7*z + 9. Let q be r(-9). What is the tens digit of (-1 - -4)/(q/999)?
1
Let y be 24 + 36/(-6) + -1*1. Suppose y*b - b = 144. What is the units digit of b?
9
Suppose 0 = -2*c - 2 + 14. Suppose c = -3*m + v - 3*v, 0 = -4*v. What is the units digit of 6/m*32/(-6)?
6
Let f = 886 + -865. Suppose 0 = -3*y + 7*y - 40. Let k = f + y. What is the tens digit of k?
3
Let s(a) = a**2 - 5*a + 22. Let o be s(9). Suppose 3*f + o = -38. Let v = 37 + f. What is the units digit of v?
5
Let h = 808 + -158. What is the tens digit of h?
5
Let i = 145 + -130. Suppose -19*t + i*t = -736. What is the units digit of t?
4
Suppose -3*f - 557 = 4*c - 6*c, -4*c + f = -1089. Let i = -176 + c. What is the tens digit of i?
9
Let k be (1/2)/(1/14). Suppose m + k*m - 200 = 0. What is the tens digit of m?
2
What is the tens digit of (-45)/36 - 746/(-8)?
9
Let b(v) = 2*v**2 + 4*v + 2. Let s be b(-2). Suppose 235 = 6*z - z + 5*d, s*z = -3*d + 99. What is the units digit of z?
2
Suppose -y - w + 130 = -668, 0 = 4*y + w - 3192. What is the units digit of (y/28)/((-6)/(-8))?
8
Suppose 1097 = n + 4*s, 5*n - 7400 + 1897 = -2*s. What is the units digit of n?
1
Let g be ((-48)/20)/(6/(-20)). Suppose -5*c = -g + 3. What is the units digit of c?
1
Suppose -4*f - 902 = 4*n - 3374, 4*n - 2*f - 2466 = 0. What is the hundreds digit of n?
6
Suppose -5*j + 120 = 5*l, 2*l - 3*l = 3*j - 74. Let n = j - 21. Suppose 2*t + 132 = n*t. What is the tens digit of t?
6
Suppose 584*s - 568*s = 47584. What is the thousands digit of s?
2
Suppose y + 569 = 3*q - 0*q, 5*q = -5*y + 935. Suppose -3*n - 4*m = -204, 0 = -2*n + 3*m + q - 53. What is the tens digit of n?
6
Suppose -2*v = -4*j - v + 5603, 3*j - 4209 = 3*v. What is the hundreds digit of j?
4
Let g(a) = -12*a + 10. Let w be g(-13). Let i = 334 - w. What is the units digit of i?
8
Let g(q) = 2*q + 1. Let h be g(2). Let c = -3 + h. Suppose c*a + 97 = 7*a - 3*n, -5*a = 5*n - 65. What is the tens digit of a?
1
Let v(g) = -9*g**2 - 2*g + 1. Let l be v(1). Let n be (1 - 0)/(l/(-50)). Suppose 6*o - n*c - 75 = o, 0 = o - 5*c - 35. What is the tens digit of o?
1
Suppose 5*w = -2*g - 34, 3*g - 2*w = -21 - 11. Let i be (408/g)/(-1 - 0). Suppose 0*u + o - 14 = -u, 0 = -u - 5*o + i. What is the units digit of u?
9
Suppose z - 4*m + 22 = 0, -3*z - 2*m = -4*z - 14. Let d(r) = r**2 - 5*r + 19. What is the units digit of d(z)?
5
Let j = 1703 - 817. Let s = 176 - j. What is the tens digit of s/(-25) - 3/(-5)?
2
Suppose 5*p - 10*s = -7*s + 23901, 2*s + 9562 = 2*p. What is the units digit of p?
9
Let l(h) = -11*h**2 + 9*h + 6. Let q(b) = -5*b**2 + 4*b + 3. Let y(p) = -4*l(p) + 9*q(p). Let m be y(0). Suppose m = -d + 4*d. What is the units digit of d?
1
Let q(t) = -2*t - 24. Let r be q(-15). Let k be ((-219)/r)/((-1)/2). Suppose -3*l + 2*l = -k. What is the tens digit of l?
7
Suppose 0 = -2*g - 4*s + 3428, s + 7 = 3. What is the thousands digit of g?
1
Let n(h) = -h**3 + 5*h**2 + 2. Let l be n(5). Suppose l*r = -10*r + 1656. What is the units digit of r?
8
Let p = 181 + -30. What is the tens digit of p?
5
Let k(f) = 91*f + 341. What is the tens digit of k(32)?
5
Let g(m) = m**3 - 6*m**2 - m + 3. Let x be g(8). Suppose 5*z - 74 = -2*l, -2*z = -4*l + x + 1. What is the tens digit of l?
3
Let f = 37 - 31. Suppose -90 = -0*t - f*t. What is the units digit of t?
5
What is the units digit of (-8 + -37)*1191/(-15)?
3
Let t be -6 + 98 + -3 + (-1)/1. Let p(x) = -10*x**2. Let u be p(2). Let z = t + u. What is the units digit of z?
8
Let l(m) = 34*m**2 - 26*m + 35. What is the units digit of l(5)?
5
Suppose -705 - 380 = -5*q. Let i = -135 + q. What is the units digit of i?
2
Let a(y) = y**2 - 6*y + 9. Let d be (-36)/48 + 19/4. Suppose 5*c = -k + 35, 2*c - d*k = -3*k + 7. What is the units digit of a(c)?
9
Suppose z + 1 = 8. Suppose -d - z = -41. What is the units digit of d?
4
Let i(s) = -2*s**2 - 2*s - 2. Let b be i(-3). Let p = 25 + b. What is the tens digit of p?
1
Let z be -2 + (-2 - (28 + 2)). Let i = z - -70. Let w = i - -18. What is the tens digit of w?
5
Let m = -587 - -711. What is the tens digit of m?
2
Suppose -6*a = -2*a - 128. Suppose -50 = -v + a. What is the units digit of v?
2
Suppose 2*h + 5*b = 372, b = -0*h - 3*h + 584. What is the tens digit of h?
9
Let r(u) = -2*u - 19. Let o b